*k + p + 675 = 2765. What is the highest common factor of k and m?
41
Let k(t) = 3*t**3 - 4*t**2 - 7*t + 21. Suppose -2 = 5*v + 21*n - 24*n, 0 = 5*n - 20. Let j be k(v). What is the highest common divisor of j and 690?
15
Let w be (24/21)/(120/210) - 1*-346. Suppose 3*m + 53 = 5*k - 10, 3*k + 2*m - 34 = 0. Calculate the greatest common divisor of k and w.
12
Let a = -1380 - -1872. Calculate the greatest common factor of 2337 and a.
123
Let q(m) = -m**2 - 5*m + 82. Let s be q(-12). Let f(j) = 50*j**2 - 12*j - 26. Let x be f(s). What is the greatest common divisor of 44 and x?
22
Let a = -78 - -83. Suppose 2*c = a*r + 724, 3*c - 898 = -3*r + 230. Calculate the highest common factor of 12 and c.
12
Suppose -81*i = 55*i + 1066 - 3106. What is the highest common factor of 3585 and i?
15
Let x be 106/(-4) + (-2)/4. Let h = -9 - x. Let c(o) = -11*o**2 + 230*o + 637. Let l be c(23). Calculate the greatest common factor of l and h.
18
Suppose -3*u = 5*d + 4 + 2, 0 = 3*u - 2*d - 15. Let b be 1 - u*5/(-15). Let r be -2 + b - 75/(-1). What is the highest common factor of r and 25?
25
Let g = -77 + 79. Suppose g*h - 6223 = -5*h. Let i = -331 + h. Calculate the greatest common divisor of i and 62.
62
Let p be ((-546)/(-65))/((-18)/(-3105)). What is the highest common factor of p and 3703?
161
Suppose 3*o - 59 = 40. Let k = 1128 - -212. Suppose 1338*g = k*g - 396. What is the highest common factor of g and o?
33
Let b be (-56)/(-4) + 8 - 110/(-10). Suppose 911 - 20 = 3*x. Calculate the greatest common divisor of b and x.
33
Let j(z) = z**3 + 9*z**2 - 10*z + 2. Let g be j(-10). Suppose 2*b - 14 = -g. Let y be (-50)/(-6) + (-92)/(-138). What is the greatest common divisor of y and b?
3
Let j = 8 - -13. Suppose 10*u - 5*u = 15. Suppose 0 = -w + 10 - u. Calculate the highest common divisor of j and w.
7
Let m(y) = -2*y**2 + 86. Let a be m(6). Suppose 0 = 9*g - a*g + o + 117, 4*g - 111 = -5*o. What is the greatest common factor of g and 48?
24
Let w = -787 + 796. What is the greatest common factor of 4167 and w?
9
Let i(y) = -2*y**2 - 51*y + 113. Let s be i(-27). Let v = 10 - 8. Calculate the greatest common divisor of v and s.
2
Let s = -1726 - -1742. What is the highest common factor of s and 1912?
8
Let y be (-5*4/6)/(842/(-44205)). Let u = -13 + -13. Let p = 51 + u. Calculate the highest common factor of y and p.
25
Let k = -4518 - -4771. Calculate the greatest common factor of k and 46.
23
Let d(c) = 45*c**3 + 7*c**2 + 586*c - 2377. Let w be d(4). Calculate the greatest common divisor of w and 11.
11
Let b(f) = -5*f + 81. Let a be b(12). Let u be (-3)/7 - (-1941)/a. Calculate the highest common divisor of u and 92.
92
Let s(k) = -2511*k - 2006. Let r be s(-2). What is the greatest common divisor of 1768 and r?
104
Let s be (-30726)/(-324) + (-28)/(-24). Let o = -31 - -43. What is the greatest common factor of o and s?
12
Let c be (-18 + 1)*(56 - 48). Let y = c + 180. Suppose 4*k - 17 = 15. What is the highest common factor of k and y?
4
Suppose 12*w = 17*w + 3*u - 1941, 3*w - 1158 = -4*u. Calculate the greatest common factor of 100 and w.
10
Suppose t - 111 = -x, -3*x + t = 43 - 404. What is the highest common divisor of 7906 and x?
118
Suppose -3*z + 4*z = -4*u - 1743, 2*u + 894 = 4*z. Let c = u + 613. What is the greatest common factor of c and 44?
44
Suppose -5*h - 753 = -1753. Calculate the greatest common divisor of h and 250.
50
Let x(q) = -7*q + 294. Let b be x(-44). Let n be b/8 - (9 + (-273)/28). What is the highest common factor of 646 and n?
38
Let x = -65 - -165. Suppose 3*r + 3*h + 3 = -3, -h - 5 = 0. Suppose -5*n - y + 230 = r*y, -n - 2*y + 40 = 0. What is the greatest common factor of x and n?
50
Suppose 3*b + 688 + 161 = v, -3*v + 2535 = 3*b. Let i = -591 + v. What is the greatest common factor of 17 and i?
17
Suppose 0 = -0*a - 4*a - 4*v - 4644, -5*v = 2*a + 2334. Let c be (a/(-52))/((-2)/(-8)). Calculate the greatest common divisor of c and 89.
89
Suppose -17*o - 27 = -20*o. Suppose 4*g - o = -5*r, -1 = 4*r - 5*r. Let c(b) = -3*b + 2. Let m be c(-2). What is the greatest common factor of m and g?
1
Let h be (-27)/4*12376/(-663). What is the highest common factor of h and 216?
18
Let y be ((-2)/(-8) - 35/28)*-93. Let r = 22 - y. Let d = 104 - r. What is the highest common factor of d and 35?
35
Suppose -2*h = 2*o + 116, 0 = -4*h - 2*o + 4*o - 262. Let m = h + 77. Let k be m/(-49) - 132/(-21). What is the greatest common factor of k and 78?
6
Let t(v) = 2018*v - 254. Let c be t(1). Calculate the highest common factor of 48 and c.
12
Let a(p) = -14*p**2 - 6*p - 1. Let y be a(-1). Let b be y*((-50)/(-15))/(-5). Let l be ((-2)/(-2) + -6)*-6. Calculate the greatest common divisor of b and l.
6
Let i = -3655 - -3727. Calculate the highest common factor of i and 234.
18
Let x(t) = -5*t - 32. Let w be x(-7). Suppose 2*y + 76 = w*d, -4*d - y + 17 = -3*d. Let o = 255 + -233. What is the highest common divisor of o and d?
22
Let l be 2 - ((-54)/(-72) - (-23)/(-4)). Let y = 93 + l. Calculate the greatest common factor of y and 20.
20
Suppose 15*h - 1645 = -27*h - 5*h. Suppose -2*r = -r - 3*z + 7, 15 = 5*z. Let d be 0 - (-19 - (0 + r)). Calculate the highest common factor of h and d.
7
Let o be (-1)/((-4)/34)*100. Suppose 25*n = 8*n + o. What is the greatest common divisor of 30 and n?
10
Let z(q) = 969*q**2 + 57*q - 336. Let l be z(6). What is the greatest common factor of l and 15?
15
Suppose -4*t + 48 = -4*c, 5*t = -6*c + 2*c + 96. Suppose 104 = -t*l + 20*l. Suppose 0 = -5*h + 20 + 110. What is the greatest common factor of l and h?
26
Let l = -1240 - -1664. Calculate the greatest common factor of l and 159.
53
Suppose 0 = 40*x - 38*x + 4*l - 7852, 4*x - 2*l - 15754 = 0. Suppose -4*g = -x - 3488. Calculate the highest common divisor of g and 64.
64
Let w = -71 - -588. Suppose 377 = -a - 153*r + 156*r, 2*a + 3*r = -709. Let y = w + a. Calculate the greatest common factor of y and 31.
31
Suppose -1 = -5*m + 14. Suppose 2*s - 205 = m*f, s + 2*f + f = 107. Let r = s + -98. What is the greatest common divisor of 54 and r?
6
Let u(k) = 366*k - 2213. Let d be u(15). What is the greatest common divisor of 339 and d?
113
Suppose 0 = -4*w + h + 96, 5*w - 146 + 26 = -2*h. Suppose 4*u + 4*n + 135 = 655, -3*u + n + 382 = 0. Calculate the greatest common divisor of u and w.
8
Suppose -3*l + 39250 = -2*g, 2279*l + 65404 = 2284*l + 3*g. What is the highest common divisor of 62 and l?
62
Let s be 2/6 + 168/(-18). Let l be ((-6)/s + 10/12)*-16. Let g be (2 - (-7)/4) + (-6)/l. What is the highest common divisor of 36 and g?
4
Let f = 6353 + -6122. Calculate the highest common divisor of f and 341.
11
Suppose 15*j + 534204 = 72*j. Calculate the greatest common divisor of j and 132.
132
Let q = -648 - -5035. Calculate the highest common factor of q and 82.
41
Let g(x) = 4*x**3 - 30*x**2 - 25*x + 197. Let r be g(8). Calculate the highest common divisor of r and 45875.
125
Suppose -q = 3*b - 241, b - 46 - 32 = 2*q. Calculate the highest common divisor of 1570 and b.
10
Let y be 357 - (5/(-2))/(4144/192 - 22). What is the highest common divisor of 216 and y?
27
Suppose -2*k - 3*w + 76 = 2*k, -4 = -w. Let p be (-16)/(-3) - (k/4)/12. What is the highest common factor of p and 10?
5
Let m = -175 - -176. Let d = 3 - m. What is the highest common divisor of d and 26?
2
Let l(s) = -s**3 - 38*s**2 - 54*s + 848. Let i be l(-36). What is the highest common divisor of i and 2540?
20
Let j be 3/(-30) - (590499/(-70))/7. Calculate the greatest common divisor of 15 and j.
5
Let d = 1800 + -219. Calculate the greatest common factor of d and 51.
51
Suppose 5*p + 23 = -m + 85, 3*m = -2*p + 17. Let g(u) = -2*u**2 - 14*u - 7. Let o be g(10). Let n = o - -490. What is the highest common factor of p and n?
13
Suppose 4*h + 6 = 4*n - 10, 8 = 3*n + h. Suppose n*p - 2*f = 813, 0 = -4*p - 33*f + 37*f + 1080. What is the greatest common factor of p and 195?
39
Suppose 23 = 3*h - 2*a - 9, h - 16 = 2*a. Suppose -39*y + h*y + 2759 = 0. What is the highest common factor of y and 979?
89
Let b(h) = -47*h - 269. Let i be b(-7). Calculate the greatest common divisor of 16140 and i.
60
Let i = 2913 - 2653. What is the highest common factor of 14950 and i?
130
Let m be 4/(-12) - 220/(-12). Suppose -4*a 